5 = 11*c + w. Calculate the remainder when c is divided by 9.
1
Suppose -6*g - 148 = -8*g. What is the remainder when g is divided by 5?
4
Let x = 390 - 380. Calculate the remainder when 508 is divided by x.
8
Suppose -3*z + 3*n - 7*n + 27 = 0, 0 = -3*z - n + 18. Suppose -5*j + 4*j - 3*h + 11 = 0, -z*j + 2*h = -55. Calculate the remainder when 32 is divided by j.
10
What is the remainder when 1101 is divided by 77 + 45/(-9) + 13?
81
Let q = -1 + 4. Suppose -78 = -q*y + x, y - 16 = -0*y - 3*x. Let l = -26 + 40. What is the remainder when y is divided by l?
11
Suppose -o + 21 = 3*j - 14, 140 = 4*o + 5*j. Let l(u) = -5*u**3 - 1 - 4*u**3 + 0*u**3 - u. Calculate the remainder when o is divided by l(-1).
8
Let c(d) = 2*d**2 + 3*d + 2. Suppose 76 + 44 = 3*f. What is the remainder when f is divided by c(-3)?
7
Let f(d) = -9*d - 34. Let n = 102 + -109. What is the remainder when f(n) is divided by 16?
13
Let j(k) = k**2 - k - 3. Let d be j(4). Suppose -3*g = x - 31, -g - d - 39 = -2*x. Calculate the remainder when x is divided by 2/(1/26*4).
12
Let n(c) = -11*c + 2. Let r be n(1). Let l(d) = d**3 + 8*d**2 - 11*d - 4. Calculate the remainder when l(r) is divided by 8.
6
Let m(v) = -v**2 - v + 9. Let c be m(-7). Let u = c + 45. Calculate the remainder when 21 is divided by u.
9
Suppose 3 = 2*u - 3. Suppose -4*r = -43*r + 55 + 179. Calculate the remainder when r is divided by u.
0
Let w(q) = q**3 + 2*q**2 - q + 10. Suppose -n + 3*n = 0. What is the remainder when 27 is divided by w(n)?
7
Let d(h) = -h**2 - 29*h - 38. What is the remainder when 159 is divided by d(-26)?
39
Let y(f) = -27*f - 272. Calculate the remainder when y(-13) is divided by 10.
9
What is the remainder when 4/(-13) - 134208/(-832) is divided by 19?
9
Let m be 10*2/8*2. Suppose -m*k - 2*j + 23 = 0, j - 20 = -4*k - 1. What is the remainder when 62 is divided by k?
2
Suppose -4*d = -4*p + 420, -4*p + 503 - 91 = 4*d. Suppose -291*j = -285*j - 90. Calculate the remainder when p is divided by j.
14
Let o = 54 + -27. Calculate the remainder when 62 is divided by o.
8
Suppose 0 = -2*n - 8, -4*j - 32 = -0*n - 5*n. What is the remainder when 29 is divided by 1060/130 - (-2)/j?
5
Let b(x) = 109*x**3 - 2*x**2 + 5*x - 3. What is the remainder when b(1) is divided by 7?
4
Suppose -2*c - 237*p + 260 = -239*p, 411 = 3*c + 4*p. What is the remainder when c is divided by 33?
1
Suppose -6 - 27 = -4*d - 3*r, d + r - 8 = 0. Let q = 0 - d. Let o = q + 19. Calculate the remainder when 27 is divided by o.
7
Let w be 1/(-5) - 4/(-20). Suppose -5*y - 3 = -3*t - 30, 4*y = w. What is the remainder when 14/4*(3 - t) is divided by 15?
12
Let m(x) = 0*x + 0 - 3 + 4*x**2 + 5*x - x. Let v be m(-6). Suppose 3*k + 5*a = v, -2*k = a - 3*a - 78. What is the remainder when k is divided by 10?
9
Suppose 0 = -f + 6*f + 4*v - 34, -f - v + 7 = 0. Calculate the remainder when 30 is divided by f.
0
Let y = -320 - -469. Let x = 218 - y. What is the remainder when x is divided by 12?
9
Let a = -72 - -140. What is the remainder when a is divided by 15?
8
Let l(n) = -20*n + 21. Calculate the remainder when l(1) is divided by (3 - 1) + 0 - 1.
0
Suppose -z + 3*z = -x + 2, -3*z = -3*x + 6. Suppose -x*r + 94 + 20 = 0. Calculate the remainder when r is divided by 15.
12
What is the remainder when 24/(425/1200 + 1/(-6)) is divided by 17?
9
Let y(t) = -23*t - 791. What is the remainder when y(-38) is divided by 52?
31
Let x(a) = -a**3 + 12*a**2 + 27*a + 51. Let z = 26 - 13. What is the remainder when x(14) is divided by z?
11
Let i(p) be the second derivative of p**4/12 + 13*p**3/6 + 39*p**2/2 - 4*p. What is the remainder when i(-12) is divided by 10?
7
Suppose -5*h - 17 = -3*l, -5*h - 1 = -3*l + 4*l. Suppose -5*z + z = -2*x + 42, 4*x = l*z + 96. Calculate the remainder when 79 is divided by x.
25
Let p(s) = s**2 - 4. Suppose -n - 6*o + 2*o = -31, -o = -3*n + 54. What is the remainder when n is divided by p(3)?
4
Let m(g) = -4*g + 20. Calculate the remainder when 44 is divided by m(1).
12
Let i = 236 + -187. Calculate the remainder when i is divided by 10.
9
Let x = 1844 - 1772. Calculate the remainder when 285 is divided by x.
69
Let c = 369 + -349. Calculate the remainder when 21 is divided by c.
1
Let z = 20 - -31. Let w = z - 36. Let t = w - 2. What is the remainder when t is divided by 3?
1
Let q(b) be the first derivative of b**3/3 - 9*b**2/2 - 11*b - 6. Let t be q(8). Let p = t + 22. Calculate the remainder when 4 is divided by p.
1
Let f(b) = 25*b**2 + 70*b + 9. What is the remainder when f(-4) is divided by 19?
15
Suppose -623 = -4*j - x, 17*j + 3*x - 299 = 15*j. What is the remainder when j is divided by 8?
5
Let n be 160/15 - (-2)/(-3). Suppose 5*s - 5*r - n = 0, 2*s = -8*r + 3*r + 4. Calculate the remainder when 55 is divided by ((-21)/s)/((-3)/4).
13
Suppose -8*z = 17 - 201. Calculate the remainder when 136 is divided by z.
21
Let z = -1696 + 1797. Suppose -r = 2*r - 156. What is the remainder when z is divided by r?
49
Let a be 3 - (-327 + 1 + -5). Suppose -7*n - 110 = -a. Calculate the remainder when 158 is divided by n.
30
Let d = 39 + -21. Suppose d = 6*i - 36. What is the remainder when 16 is divided by i?
7
Suppose 5*q = -s + 12, -q = -0*s + 2*s - 69. Suppose 106*r - 119*r + 130 = 0. Calculate the remainder when s is divided by r.
7
Suppose 2*o - 2*i - 42 = 0, 5*i - 16 = -o + i. Let y be ((-6)/1)/((-10)/(-15)). What is the remainder when y/(-15) - (-387)/5 is divided by o?
18
What is the remainder when 491 is divided by 4 - 41/(-1) - 7?
35
Suppose 6*x = 5 + 1. Let f be ((-16)/(-6))/(4/6). Suppose -f*h = 4*b - 5*h - 3, 4*h - 1 = 3*b. What is the remainder when x is divided by b?
0
Let x(a) = -4*a**2 + 5*a**2 + 10*a**2 + a + 13 + 0*a. What is the remainder when x(-4) is divided by 31?
30
Suppose -b + 33 = 10*b. Suppose -3*v - 192 - 45 = -4*d, -b*d + 168 = v. What is the remainder when d is divided by 6?
3
Let j(g) = -5*g + 9. Calculate the remainder when j(-5) is divided by 5.
4
Let u be 2/6 - (-56)/21. Suppose -u*p - 48 = -2*v, 4*v - 2*v + 36 = -3*p. Let n = p - -26. What is the remainder when 58 is divided by n?
10
Suppose 0 = 40*s - 41*s - 4*k + 20, 0 = -4*s - 4*k + 104. What is the remainder when s is divided by 23?
5
Let w(t) = t + 9. Calculate the remainder when ((-5)/(-2))/((-7)/(-14)) is divided by w(-6).
2
Let a be 6/(-1) + (-5 - -3). Let k = -15 - a. What is the remainder when 41 is divided by 10 + 4 + k + 4?
8
Let l be ((-12)/(-2))/(-1) - -1. Let u(w) = -26*w + 4. Calculate the remainder when u(l) is divided by -10 - (-38 + (-10 - -4)).
32
Let f = -230 - -583. Let y = -191 + f. Calculate the remainder when y is divided by 33.
30
Calculate the remainder when 782 is divided by -306*3/(-9) + -3*1.
89
Let z be 0/(-5) - (-2)/2*1. Suppose 23 = 4*r - z. Suppose 3*f - 92 = -5*c, -3*c = -f - f - 40. Calculate the remainder when c is divided by r.
4
Let w = 27 + -24. Suppose -w*s + 5*n + 17 = 0, -3 = -5*s + 2*n - 0. Let a = s + 10. Calculate the remainder when 26 is divided by a.
8
Let f be 3 + (-20)/(4/(-4)). Let z = 33 - f. What is the remainder when 21 is divided by z?
1
Suppose -3*z + z = -30. Let m = -57 + 50. Let v(i) = i**3 + 8*i**2 + 5*i + 14. Calculate the remainder when v(m) is divided by z.
13
Suppose 0*b = 3*t - 4*b + 3, 4*t + 3*b = 21. Suppose -2*i - t*n = -7*n - 42, -12 = -i - n. Calculate the remainder when 28 is divided by i.
13
Let o(s) be the first derivative of 2*s**3/3 + s**2 + 2*s + 1. Let m(u) = u**2 + 14*u - 18. Let k be m(-15). Calculate the remainder when 27 is divided by o(k).
13
Calculate the remainder when (-26032)/(-60) + (4 - (-580)/(-150)) is divided by 20.
14
Let i(z) = -z**2 - 26*z + 64. Calculate the remainder when i(-23) is divided by 35.
28
Suppose -6 = 9*p - 6. Suppose -5*t + 0 + 16 = -2*g, 4*t + 4*g + 4 = p. Calculate the remainder when t is divided by 1.
0
Suppose 15 = -5*o + 5, -3*b = 2*o - 50. What is the remainder when 35 is divided by b?
17
Suppose 2*q + 2*q - 60 = 0. What is the remainder when 17 is divided by (12/18)/(2/q)?
2
Suppose 0 = 1703*a - 1706*a + 144. Calculate the remainder when a is divided by 18.
12
Let o = -1 + 1. Suppose 4*z - z - 15 = o. Calculate the remainder when (136/16 - 7)*48/9 is divided by z.
3
Let r(x) = -x**2 - 6*x - 1. Let f be r(-5). Suppose 4*w 